highest common divisor of 1134148 and 4636.
76
What is the highest common factor of 15129866 and 3006?
334
Calculate the highest common factor of 275 and 24300980.
55
Calculate the highest common divisor of 1632 and 8319426.
102
What is the greatest common divisor of 18927 and 12725253?
6309
What is the highest common factor of 355505220 and 6048?
756
Calculate the greatest common factor of 544 and 173195456.
544
What is the greatest common factor of 1167543 and 73593?
1989
What is the greatest common factor of 16577496 and 2340?
468
Calculate the greatest common factor of 239232 and 1713408.
384
Calculate the greatest common factor of 1627 and 1912125242.
1627
Calculate the highest common divisor of 639 and 709077.
213
What is the highest common divisor of 6055 and 886932767?
1211
What is the highest common divisor of 19764 and 5330124?
324
What is the greatest common divisor of 1963 and 62413?
13
What is the greatest common divisor of 3384 and 3251592?
72
What is the highest common factor of 2481256 and 9953?
269
What is the highest common factor of 885995 and 7602?
181
What is the highest common divisor of 76092 and 64719?
51
What is the highest common divisor of 5247 and 5645277?
99
Calculate the greatest common divisor of 14126735 and 35.
35
Calculate the highest common divisor of 40 and 10713656.
8
Calculate the greatest common divisor of 11377939 and 368.
23
What is the highest common factor of 43426534 and 6850?
274
Calculate the greatest common factor of 529 and 114241253.
529
What is the greatest common divisor of 86814 and 14658?
42
What is the highest common divisor of 622173783 and 63?
21
What is the highest common factor of 29802384 and 28608?
7152
Calculate the greatest common factor of 23308 and 1590771.
5827
Calculate the greatest common divisor of 343068157 and 2251.
2251
What is the highest common divisor of 3520 and 1008821?
11
Calculate the greatest common factor of 759713 and 322828.
667
Calculate the highest common divisor of 80084103 and 12771.
1419
Calculate the highest common divisor of 2 and 2616163.
1
What is the greatest common divisor of 172 and 6619670432?
172
What is the greatest common factor of 156 and 378660?
12
What is the greatest common factor of 13188 and 443856?
84
Calculate the highest common divisor of 4934512669 and 157.
157
What is the highest common factor of 330071600 and 1552?
1552
What is the greatest common factor of 1715 and 12602653?
49
What is the greatest common divisor of 11713 and 271388?
221
Calculate the greatest common divisor of 70366380 and 239.
239
Calculate the greatest common divisor of 210 and 524190.
30
What is the greatest common divisor of 10 and 23852060?
10
What is the highest common divisor of 135498729 and 2919?
417
Calculate the greatest common factor of 140049 and 1386411.
741
Calculate the greatest common divisor of 329766 and 32877048.
6222
Calculate the greatest common factor of 11662317 and 72.
9
What is the highest common divisor of 138933 and 231469?
43
Calculate the highest common factor of 2399652 and 3672.
1836
Calculate the greatest common divisor of 4108 and 2065219.
13
What is the highest common factor of 250257219 and 27?
3
Calculate the highest common factor of 19556910 and 54918.
6102
Calculate the greatest common factor of 685547 and 164.
1
What is the highest common divisor of 780480 and 217071?
2439
What is the greatest common divisor of 1372 and 14322994?
686
Calculate the greatest common divisor of 15634308 and 1956.
1956
Calculate the greatest common divisor of 18971 and 4976.
311
Calculate the highest common divisor of 53054910 and 120930.
4170
Calculate the greatest common divisor of 15018128 and 3594.
1198
Calculate the greatest common divisor of 6249075 and 3.
3
What is the greatest common divisor of 80500012 and 6346?
334
Calculate the greatest common divisor of 10432 and 11454988.
652
Calculate the highest common divisor of 98880 and 6462220.
2060
What is the highest common factor of 11815 and 375275?
85
Calculate the highest common factor of 37498 and 86.
2
What is the highest common divisor of 17370 and 396135?
45
Calculate the greatest common divisor of 9666 and 976982.
358
Calculate the greatest common divisor of 29240 and 648278.
34
What is the greatest common factor of 3648475 and 950?
475
Calculate the highest common divisor of 322 and 9315299.
161
Calculate the highest common factor of 17528456 and 1363868.
6116
Calculate the greatest common factor of 31 and 522317.
1
What is the greatest common factor of 1436097 and 4623?
69
Calculate the greatest common divisor of 3514656 and 1248.
96
What is the greatest common factor of 84261 and 4677?
3
Calculate the highest common divisor of 1045 and 866495.
95
Calculate the greatest common divisor of 6295 and 476.
1
What is the highest common factor of 4161840 and 690?
30
What is the highest common factor of 94340611 and 568?
71
What is the highest common divisor of 512592 and 576?
48
Calculate the highest common divisor of 75 and 1184775.
75
Calculate the greatest common divisor of 66989454 and 154.
14
Calculate the greatest common divisor of 153526 and 14036.
58
What is the highest common divisor of 571806 and 61506?
54
What is the highest common divisor of 333766440 and 1590?
1590
Calculate the greatest common factor of 22939500 and 81.
3
Calculate the highest common factor of 41984 and 1321184.
1312
What is the greatest common divisor of 493905 and 110010?
285
What is the highest common divisor of 3369212 and 924?
308
What is the greatest common factor of 13 and 104112047?
13
Calculate the greatest common factor of 92 and 2097623.
23
Calculate the highest common divisor of 177697020 and 47460.
6780
What is the greatest common divisor of 14117 and 6479?
19
Calculate the greatest common factor of 6838905 and 6955.
535
What is the highest common divisor of 746 and 52435594?
746
What is the greatest common factor of 28116 and 11484?
396
What is the highest common divisor of 687540 and 43750?
70
What is the greatest common factor of 12215655 and 3440?
215
Calculate the greatest common factor of 594742374 and 774.
774
Calculate the greatest common factor of 22 and 2758118374.
22
What is the highest common factor of 3226 and 79225721?
1613
What is the greatest common factor of 87 and 36696948?
87
Calculate the greatest common factor of 828 and 343626.
6
What is the greatest common divisor of 786951 and 8217?
99
What is the greatest common divisor of 199661 and 506?
11
Calculate the greatest common divisor of 94800 and 2868648.
1896
What is the greatest common divisor of 98925 and 26100?
75
Calculate the highest common factor of 91020 and 1418928.
492
Calculate the highest common factor of 1693397 and 31436.
29
What is the highest common divisor of 1216 and 1152901?
19
Calculate the highest common factor of 73274652 and 3441.
111
What is the greatest common divisor of 173400 and 845614?
578
What is the greatest common factor of 41382690 and 60?
30
Calculate the greatest common divisor of 600 and 99432360.
120
Calculate the greatest common factor of 40136 and 401476.
116
What is the greatest common divisor of 32342995 and 74?
37
What is the greatest common factor of 746720 and 172640?
2080
What is the highest common factor of 618 and 849441?
309
What is the highest common factor of 58 and 4933219?
29
Calculate the greatest common divisor of 6801 and 23180075.
2267
What is the greatest common divisor of 125134908 and 106?
106
What is the highest common factor of 2119670 and 1587880?
7490
Calculate the highest common factor of 270312 and 71568.
168
Calculate the highest common divisor of 50544 and 34944.
624
Calculate the highest common divisor of 140656779 and 27.
9
What is the greatest common divisor of 638209 and 24739?
143
What is the greatest common divisor of 71469720 and 1800?
360
What is the highest common factor of 12139140 and 1576?
788
Calculate the highest common divisor of 102753 and 1827945.
441
What is the highest common divisor of 121273750 and 1105?
1105
Calculate the highest common factor of 5390646 and 2228.
1114
What is the highest common divisor of 96 and 35429832?
24
What is the highest common divisor of 510 and 402582270?
510
Calculate the highest common divisor of 9027 and 29